8)?
5, 7
Suppose 0 = 3*g + 15, -5*g = 5*n - n - 87. What are the prime factors of (-2)/(-8) - (-147)/n*67?
2, 11
List the prime factors of 50*(-1777 + -11)/(-12).
2, 5, 149
Let c = -39 + 39. Suppose c = 4*t + t. Suppose 264 = -t*v + 4*v. List the prime factors of v.
2, 3, 11
Suppose 77*x = -19*x + 2207328. List the prime factors of x.
22993
List the prime factors of 12/10 + 1/((-20)/(-266336)).
2, 6659
What are the prime factors of (18056850/294 - 16/(-14)) + 14/(-2)?
2, 13, 1181
Suppose 5*u - 44717 = 2*z, 2*z = -2*z + 16. What are the prime factors of u?
5, 1789
Suppose w - 2*u = 62 + 14, -u = 2. Suppose -y + 246 - w = 0. List the prime factors of y.
2, 3, 29
Suppose -36 = -j - 3*j + 4*g, j = -2*g. Let u be (50/(-30))/((-2)/j). Suppose -369 = -u*a + 161. List the prime factors of a.
2, 53
Let b(q) = -38*q**3 - 15*q**2 - 61*q + 9. List the prime factors of b(-7).
3, 5, 283
Suppose x + 74 + 13 = 0. Suppose -158 = -g + 5*c, 3*g + 0*c - 2*c - 435 = 0. Let z = x + g. List the prime factors of z.
2, 7
Let y = -1174 + 744. Let f = y + 1129. What are the prime factors of f?
3, 233
Let s(n) = n**2 - 11*n + 15. Let q be s(10). Let x be (q - 7)*(-7)/(-2). Let m(c) = -12*c - 5. What are the prime factors of m(x)?
79
Suppose 4*t = 3*q + 14741 + 38171, -t + 13233 = -2*q. What are the prime factors of t?
5, 23
Let c = 14 - 16. Let d be (5 - 2) + 2 + c. Suppose -246 - 48 = -d*v. List the prime factors of v.
2, 7
List the prime factors of (67644/45)/(8/20) + (-6 - -1).
3, 139
Let h(d) = -563*d - 2994. What are the prime factors of h(-46)?
2, 7, 409
Let i = 26168 - -14316. List the prime factors of i.
2, 29, 349
Suppose 3*b - 2*d - 2*d + 62 = 0, 2*b + 3 = -5*d. Let t = 11 - 43. Let c = b - t. List the prime factors of c.
2, 3
Let a be (33/9)/((-2)/(-42)). Let t = a + -75. Let h(l) = 9*l**2 - l + 1. What are the prime factors of h(t)?
5, 7
Suppose -6*y - 35 = -7*y. Let m = 62 - y. What are the prime factors of (-121)/(-6)*2 + (-9)/m?
2, 5
Let i(c) = 7*c + 2. Let q(d) = 4*d - 2. Let p be q(2). Suppose o + o = p. List the prime factors of i(o).
23
Suppose 3*b - 57 = -j, -j = 5*b - 158 + 63. Suppose -b = w - 3. What are the prime factors of w/96 + 121/6?
2, 5
Let y(f) = 1706*f - 8. Let c be y(1). Suppose 40*u - 42*u = -c. List the prime factors of u.
3, 283
Let m(u) = -117*u - 3101. Let v(b) = 176*b + 4652. Let q(x) = 7*m(x) + 5*v(x). What are the prime factors of q(0)?
1553
Let x = 1004 - 1000. Suppose -4*j + 3*y + 7098 = -0*y, x*j = y + 7102. What are the prime factors of j?
2, 3, 37
Suppose -9*r - 61 = -7. Let u(c) = -c**3 - 5*c**2 + 9*c + 20. Let w be u(r). Suppose -w*f = 3*k - 464, 2*k - 43 = 5*f + 241. List the prime factors of k.
2, 19
Suppose 23891 = 2*g - 5*c, -5*g + 19*c + 59681 = 22*c. What are the prime factors of g?
2, 47, 127
Suppose -10777 = -s - 2073. List the prime factors of s/30 + (-2)/15.
2, 5, 29
Suppose 2*n - 4*j - 24 = 0, -6 - 15 = -5*n - 3*j. Suppose n*m - 231 - 1383 = 0. What are the prime factors of m?
269
Let x(m) = 6*m**2 - 60*m + 225. What are the prime factors of x(36)?
3, 11, 59
Suppose -23*x + 3347 = -448. Suppose -k + 2*y = -x - 1341, 5*k - 7512 = y. List the prime factors of k.
2, 751
Let g(c) = -16*c + 489. Let v be g(0). Suppose -v = -5*l + 2186. List the prime factors of l.
5, 107
Suppose -3*p - 2*n - 23 = 2, 31 = -3*p + 4*n. Let k be (-95022)/216 - (-7)/(-84). What are the prime factors of ((-1)/4)/((-6)/k)*p?
3, 5, 11
Let o(s) = -2*s - 2. Let h(c) = 80. Let b(k) = h(k) - 6*o(k). List the prime factors of b(7).
2, 11
Suppose -5*b + 42 = 2*s - 2, 0 = 4*s - 4*b - 144. Suppose -5*x + 24 + 11 = 4*c, -3*c - x + 18 = 0. Let k = s - c. What are the prime factors of k?
3
Let x = -532 - -3650. List the prime factors of x.
2, 1559
Suppose 4*u - 9*u = 170. List the prime factors of (4 - 2)*(-4709)/u.
277
Let q be 835/2*(36/(-45) - 0). Let r = -103 - q. List the prime factors of r.
3, 7, 11
Let q(x) = -2*x**3 + 10*x**2 + 2*x - 61. Let j be q(-11). Suppose -12*o + 4143 = -j. What are the prime factors of o?
661
Suppose 0 = -3*w - 5*y + 3934, -3*w + y + 193 + 3747 = 0. Suppose -4*c + l - 696 + 3367 = 0, -2*c = -5*l - w. What are the prime factors of c?
3, 223
Suppose 12*m + 60068 = 398838 + 331130. What are the prime factors of m?
5, 7, 11, 29
Let b(k) = k - 1. Let c(z) = -3*z + 3. Let n(i) = 5*b(i) + 2*c(i). Let o be n(-6). Suppose -o*t = -t - 150. List the prime factors of t.
5
Suppose 3*z + 5*x = 109677, 9*z = 14*x - 12*x + 328980. List the prime factors of z.
2, 7, 373
Let d be 10/4 + 10/(-20). Suppose -4*x + x - 5*j = -249, 3*j = -2*x + 166. Suppose d*z + x = 297. List the prime factors of z.
107
Let u(w) = w**3 + 16*w**2 + 12*w. Let j be u(-12). What are the prime factors of j/2 - (-5 - -11)?
2, 3, 5, 7
Let s = 83177 - 43515. List the prime factors of s.
2, 7, 2833
Let t(n) = -5*n - n - 29*n**2 - n + 28*n**2 - 1. Let x be t(-5). Suppose -4*r = -r + 3*c - x, 2*c = -2. List the prime factors of r.
2
Let r(d) = 4*d + 16*d - d - 59. List the prime factors of r(10).
131
Let s = -4261 - -18682. What are the prime factors of s?
3, 11, 19, 23
Let c be (20 - 24) + (-936)/(-1). Suppose -c = 9*v - 7322. What are the prime factors of v?
2, 5, 71
Let a(l) = 144*l**2 - 13*l + 1. Let g be a(2). Let c = -373 + g. What are the prime factors of c?
2, 89
Let o be -3*(2 + -3) - 1. Suppose -o*v = -v - 71. Let j = v + -13. List the prime factors of j.
2, 29
Suppose 5*f = 2*p - 60231, 37*p = 39*p + f - 60261. What are the prime factors of p?
2, 7, 269
Suppose 2*s - 11496 = -0*s. Suppose -125 = -2*x - 133. List the prime factors of s/48 - 1/x.
2, 3, 5
Let l be (126/15)/(21/70). Let z = l + -13. What are the prime factors of 67 - 1 - (z + -13)?
2
Let v be 32/40 + (-8)/10. Suppose v = -3*c - b + 1185, -1580 = -2*c - 2*c - 4*b. What are the prime factors of c?
5, 79
Let y(d) = -d**2 - 38*d - 68. Let k be y(-36). Suppose 1992 + 2520 = k*n. What are the prime factors of n?
2, 3, 47
Suppose 11*v = 6*v + 75. Suppose -13*i = -v*i + 276. What are the prime factors of i?
2, 3, 23
Suppose -3*w + 2*w = -513. Let c = w + -301. What are the prime factors of c?
2, 53
Let o(d) = -2259*d**3 - 2*d**2 + 2*d + 5. List the prime factors of o(-1).
2, 5, 113
Let d be (-1190)/(-51)*(-3)/(-2). Let c = 541 - d. What are the prime factors of c?
2, 11, 23
Suppose -9*k + 360 + 99 = 0. Let t = k + -10. Let u = 1 + t. List the prime factors of u.
2, 3, 7
Let l(z) = 39*z**2 + 176*z + 3067. List the prime factors of l(-31).
2, 5, 11, 29
Let z = -254 + 256. List the prime factors of (-132)/(z*(-6)/78).
2, 3, 11, 13
Let o = -35 + 480. Suppose 5*v + 4*r - 13 = 0, -5*v + 10 = 2*r + 3*r. Suppose w - 81 = -j + 11, 0 = -v*w - 2*j + o. What are the prime factors of w?
3, 29
Let z = 4221 - -470. What are the prime factors of z?
4691
Let v = 2559 + -1769. Let f = -331 + v. List the prime factors of f.
3, 17
Suppose h - 1 + 6 = 0, i = 3*h + 17. Suppose 4*l + g - 4334 = 0, i*l + 3*g = 3*l - 1077. List the prime factors of l.
3, 19
Let y(w) = 2*w + 95. Let r(v) = 5*v + 285. Let p(u) = 4*r(u) - 11*y(u). List the prime factors of p(-14).
3, 41
Suppose 1 = 3*p - 4*y - 7, 20 = -4*y. Let l(z) = -z**2 - 23*z - 52. Let u be l(-15). Let o = u - p. List the prime factors of o.
2, 3
Let z(p) = 68*p + 20. Suppose 0 = 4*a + 5*y + 1 + 4, a - 3*y - 20 = 0. Suppose -c - a*n + n = 5, -5*c - 3*n = -9. What are the prime factors of z(c)?
2, 7
Let p(j) = j**2 - 13*j - 952. What are the prime factors of p(100)?
2, 13, 149
Let a(b) = b**2 - 38*b + 160. Let t be a(34). What are the prime factors of (-4)/(t + -8) - (-2037)/4?
509
Suppose 74208 = -54*n + 285402. What are the prime factors of n?
3911
Let z(h) = 1700*h**3 + 3*h**2 + 20*h - 41. What are the prime factors of z(2)?
3, 13, 349
Let v be (-10)/((4/(-6))/((-180)/(-54))). Suppose 514 = 52*n - v*n. List the prime factors of n.
257
Suppose -8*i + 201 + 39 = 0. Let m = i + -22. Let a(o) = 11*o + 9. What are the prime factors of a(m)?
97
Let m(s) = -s**3 - 23*s**2 - 4*s - 23. Let x be m(-11). Let q = -970 - x. Let z = q + -287. What are the prime factors of z?
2, 3, 29
Let g be 12506/30 + (-2)/(-15). Let v = g + -639. Let a = -136 - v. What are the prime factors of a?
2, 43
Let w = -3588 - -3911. What are the prime factors of w?
17, 19
Let r(j) = 2*j**3 + j**2 - 3*j + 